Last updated on 2020-12-04 00:48:21 CET.
Flavor | Version | Tinstall | Tcheck | Ttotal | Status | Flags |
---|---|---|---|---|---|---|
r-devel-linux-x86_64-debian-clang | 0.3.1 | 8.76 | 67.74 | 76.50 | OK | |
r-devel-linux-x86_64-debian-gcc | 0.3.1 | 7.12 | 53.69 | 60.81 | OK | |
r-devel-linux-x86_64-fedora-clang | 0.3.1 | 95.26 | OK | |||
r-devel-linux-x86_64-fedora-gcc | 0.3.1 | 87.00 | OK | |||
r-devel-windows-ix86+x86_64 | 0.3.1 | 13.00 | 86.00 | 99.00 | OK | |
r-patched-linux-x86_64 | 0.3.1 | 7.92 | 65.26 | 73.18 | OK | |
r-patched-solaris-x86 | 0.3.1 | 123.40 | NOTE | |||
r-release-linux-x86_64 | 0.3.1 | 8.99 | 65.53 | 74.52 | OK | |
r-release-macos-x86_64 | 0.3.1 | OK | ||||
r-release-windows-ix86+x86_64 | 0.3.1 | 10.00 | 72.00 | 82.00 | OK | |
r-oldrel-macos-x86_64 | 0.3.1 | OK | ||||
r-oldrel-windows-ix86+x86_64 | 0.3.1 | 9.00 | 69.00 | 78.00 | OK |
Version: 0.3.1
Check: package dependencies
Result: NOTE
Package suggested but not available for checking: ‘codemetar’
Flavor: r-patched-solaris-x86