Last updated on 2020-12-04 00:48:21 CET.
Flavor | Version | Tinstall | Tcheck | Ttotal | Status | Flags |
---|---|---|---|---|---|---|
r-devel-linux-x86_64-debian-clang | 1.0.2 | 14.92 | 326.97 | 341.89 | OK | |
r-devel-linux-x86_64-debian-gcc | 1.0.2 | 13.23 | 244.16 | 257.39 | OK | |
r-devel-linux-x86_64-fedora-clang | 1.0.2 | 404.23 | OK | |||
r-devel-linux-x86_64-fedora-gcc | 1.0.2 | 398.43 | OK | |||
r-devel-windows-ix86+x86_64 | 1.0.2 | 31.00 | 393.00 | 424.00 | OK | |
r-patched-linux-x86_64 | 1.0.2 | 14.50 | 321.93 | 336.43 | OK | |
r-patched-solaris-x86 | 1.0.2 | 534.90 | NOTE | |||
r-release-linux-x86_64 | 1.0.2 | 15.56 | 322.90 | 338.46 | OK | |
r-release-macos-x86_64 | 1.0.2 | OK | ||||
r-release-windows-ix86+x86_64 | 1.0.2 | 25.00 | 357.00 | 382.00 | OK | |
r-oldrel-macos-x86_64 | 1.0.2 | OK | ||||
r-oldrel-windows-ix86+x86_64 | 1.0.2 | 28.00 | 420.00 | 448.00 | OK |
Version: 1.0.2
Check: installed package size
Result: NOTE
installed size is 5.3Mb
sub-directories of 1Mb or more:
doc 4.5Mb
Flavor: r-patched-solaris-x86