CRAN Package Check Results for Package fic

Last updated on 2020-12-04 00:48:21 CET.

Flavor Version Tinstall Tcheck Ttotal Status Flags
r-devel-linux-x86_64-debian-clang 1.0.0 10.98 184.69 195.67 OK
r-devel-linux-x86_64-debian-gcc 1.0.0 8.94 138.64 147.58 OK
r-devel-linux-x86_64-fedora-clang 1.0.0 236.56 NOTE
r-devel-linux-x86_64-fedora-gcc 1.0.0 225.47 NOTE
r-devel-windows-ix86+x86_64 1.0.0 24.00 247.00 271.00 OK
r-patched-linux-x86_64 1.0.0 11.03 172.35 183.38 OK
r-patched-solaris-x86 1.0.0 300.90 NOTE
r-release-linux-x86_64 1.0.0 11.45 172.03 183.48 OK
r-release-macos-x86_64 1.0.0 NOTE
r-release-windows-ix86+x86_64 1.0.0 18.00 195.00 213.00 OK
r-oldrel-macos-x86_64 1.0.0 NOTE
r-oldrel-windows-ix86+x86_64 1.0.0 17.00 248.00 265.00 OK

Check Details

Version: 1.0.0
Check: dependencies in R code
Result: NOTE
    Namespace in Imports field not imported from: ‘numDeriv’
     All declared Imports should be used.
Flavors: r-devel-linux-x86_64-fedora-clang, r-devel-linux-x86_64-fedora-gcc, r-patched-solaris-x86, r-release-macos-x86_64, r-oldrel-macos-x86_64