CRAN Package Check Results for Package fflr

Last updated on 2020-12-04 00:48:21 CET.

Flavor Version Tinstall Tcheck Ttotal Status Flags
r-devel-linux-x86_64-debian-clang 0.3.13 6.38 162.99 169.37 OK
r-devel-linux-x86_64-debian-gcc 0.3.13 4.32 99.01 103.33 ERROR
r-devel-linux-x86_64-fedora-clang 0.3.13 181.85 OK
r-devel-linux-x86_64-fedora-gcc 0.3.13 176.19 OK
r-devel-windows-ix86+x86_64 0.3.13 10.00 240.00 250.00 OK
r-patched-linux-x86_64 0.3.13 6.10 157.85 163.95 OK
r-patched-solaris-x86 0.3.13 215.90 OK
r-release-linux-x86_64 0.3.13 4.85 162.14 166.99 OK
r-release-macos-x86_64 0.3.13 OK
r-release-windows-ix86+x86_64 0.3.13 8.00 209.00 217.00 OK
r-oldrel-macos-x86_64 0.3.13 OK
r-oldrel-windows-ix86+x86_64 0.3.13 6.00 210.00 216.00 OK

Check Details

Version: 0.3.13
Check: examples
Result: ERROR
    Running examples in ‘fflr-Ex.R’ failed
    The error most likely occurred in:
    
    > base::assign(".ptime", proc.time(), pos = "CheckExEnv")
    > ### Name: roster_moves
    > ### Title: Roster moves
    > ### Aliases: roster_moves
    >
    > ### ** Examples
    >
    > roster_moves(lid = 252353)
    Error in do.call("rbind", t$items) : second argument must be a list
    Calls: roster_moves -> parse_moves -> do.call
    Execution halted
Flavor: r-devel-linux-x86_64-debian-gcc

Version: 0.3.13
Check: re-building of vignette outputs
Result: WARN
    Error(s) in re-building vignettes:
     ...
    --- re-building ‘fantasy-football.Rmd’ using rmarkdown
    Quitting from lines 243-247 (fantasy-football.Rmd)
    Error: processing vignette 'fantasy-football.Rmd' failed with diagnostics:
    second argument must be a list
    --- failed re-building ‘fantasy-football.Rmd’
    
    SUMMARY: processing the following file failed:
     ‘fantasy-football.Rmd’
    
    Error: Vignette re-building failed.
    Execution halted
Flavor: r-devel-linux-x86_64-debian-gcc