CRAN Package Check Results for Package fec16

Last updated on 2020-12-04 00:48:21 CET.

Flavor Version Tinstall Tcheck Ttotal Status Flags
r-devel-linux-x86_64-debian-clang 0.1.3 7.19 49.05 56.24 OK
r-devel-linux-x86_64-debian-gcc 0.1.3 5.44 39.70 45.14 OK
r-devel-linux-x86_64-fedora-clang 0.1.3 73.65 NOTE
r-devel-linux-x86_64-fedora-gcc 0.1.3 63.13 NOTE
r-devel-windows-ix86+x86_64 0.1.3 14.00 65.00 79.00 OK
r-patched-linux-x86_64 0.1.3 5.92 46.34 52.26 OK
r-patched-solaris-x86 0.1.3 94.40 NOTE
r-release-linux-x86_64 0.1.3 6.39 47.85 54.24 OK
r-release-macos-x86_64 0.1.3 NOTE
r-release-windows-ix86+x86_64 0.1.3 10.00 52.00 62.00 OK
r-oldrel-macos-x86_64 0.1.3 NOTE
r-oldrel-windows-ix86+x86_64 0.1.3 10.00 64.00 74.00 OK

Check Details

Version: 0.1.3
Check: data for non-ASCII characters
Result: NOTE
     Note: found 20 marked UTF-8 strings
Flavors: r-devel-linux-x86_64-fedora-clang, r-devel-linux-x86_64-fedora-gcc, r-patched-solaris-x86, r-release-macos-x86_64, r-oldrel-macos-x86_64