CRAN Package Check Results for Package featurefinder

Last updated on 2020-12-04 00:48:21 CET.

Flavor Version Tinstall Tcheck Ttotal Status Flags
r-devel-linux-x86_64-debian-clang 1.1 3.75 34.51 38.26 NOTE
r-devel-linux-x86_64-debian-gcc 1.1 2.87 28.00 30.87 NOTE
r-devel-linux-x86_64-fedora-clang 1.1 51.62 NOTE
r-devel-linux-x86_64-fedora-gcc 1.1 43.78 NOTE
r-devel-windows-ix86+x86_64 1.1 6.00 49.00 55.00 OK
r-patched-linux-x86_64 1.1 3.30 33.75 37.05 NOTE
r-patched-solaris-x86 1.1 66.60 NOTE
r-release-linux-x86_64 1.1 3.57 33.83 37.40 NOTE
r-release-macos-x86_64 1.1 OK
r-release-windows-ix86+x86_64 1.1 5.00 38.00 43.00 OK
r-oldrel-macos-x86_64 1.1 OK
r-oldrel-windows-ix86+x86_64 1.1 4.00 84.00 88.00 OK

Check Details

Version: 1.1
Check: for non-standard things in the check directory
Result: NOTE
    Found the following files/directories:
     'treesAll.txt'
Flavors: r-devel-linux-x86_64-debian-clang, r-devel-linux-x86_64-debian-gcc, r-devel-linux-x86_64-fedora-clang, r-devel-linux-x86_64-fedora-gcc, r-patched-linux-x86_64, r-patched-solaris-x86, r-release-linux-x86_64