CRAN Package Check Results for Package feature

Last updated on 2020-12-04 00:48:21 CET.

Flavor Version Tinstall Tcheck Ttotal Status Flags
r-devel-linux-x86_64-debian-clang 1.2.14 11.95 87.59 99.54 OK
r-devel-linux-x86_64-debian-gcc 1.2.14 9.83 68.69 78.52 OK
r-devel-linux-x86_64-fedora-clang 1.2.14 122.76 OK
r-devel-linux-x86_64-fedora-gcc 1.2.14 116.06 OK
r-devel-windows-ix86+x86_64 1.2.14 20.00 96.00 116.00 OK
r-patched-linux-x86_64 1.2.14 11.99 80.22 92.21 OK
r-patched-solaris-x86 1.2.14 171.40 OK
r-release-linux-x86_64 1.2.14 12.14 81.21 93.35 OK
r-release-macos-x86_64 1.2.14 OK
r-release-windows-ix86+x86_64 1.2.14 17.00 99.00 116.00 OK
r-oldrel-macos-x86_64 1.2.14 WARN
r-oldrel-windows-ix86+x86_64 1.2.14 16.00 96.00 112.00 OK

Check Details

Version: 1.2.14
Check: dependencies in R code
Result: NOTE
    No protocol specified
    No protocol specified
Flavor: r-oldrel-macos-x86_64

Version: 1.2.14
Check: S3 generic/method consistency
Result: WARN
    No protocol specified
    No protocol specified
    See section ‘Generic functions and methods’ in the ‘Writing R
    Extensions’ manual.
Flavor: r-oldrel-macos-x86_64

Version: 1.2.14
Check: replacement functions
Result: WARN
    No protocol specified
    No protocol specified
    The argument of a replacement function which corresponds to the right
    hand side must be named ‘value’.
Flavor: r-oldrel-macos-x86_64

Version: 1.2.14
Check: foreign function calls
Result: NOTE
    No protocol specified
    No protocol specified
    See chapter ‘System and foreign language interfaces’ in the ‘Writing R
    Extensions’ manual.
Flavor: r-oldrel-macos-x86_64

Version: 1.2.14
Check: R code for possible problems
Result: NOTE
    No protocol specified
    No protocol specified
Flavor: r-oldrel-macos-x86_64

Version: 1.2.14
Check: for missing documentation entries
Result: WARN
    No protocol specified
    No protocol specified
    All user-level objects in a package should have documentation entries.
    See chapter ‘Writing R documentation files’ in the ‘Writing R
    Extensions’ manual.
Flavor: r-oldrel-macos-x86_64

Version: 1.2.14
Check: for code/documentation mismatches
Result: WARN
    No protocol specified
    No protocol specified
    No protocol specified
    No protocol specified
    No protocol specified
    No protocol specified
Flavor: r-oldrel-macos-x86_64

Version: 1.2.14
Check: Rd \usage sections
Result: NOTE
    No protocol specified
    No protocol specified
    The \usage entries for S3 methods should use the \method markup and not
    their full name.
    See chapter ‘Writing R documentation files’ in the ‘Writing R
    Extensions’ manual.
Flavor: r-oldrel-macos-x86_64