Last updated on 2020-12-04 00:48:21 CET.
Flavor | Version | Tinstall | Tcheck | Ttotal | Status | Flags |
---|---|---|---|---|---|---|
r-devel-linux-x86_64-debian-clang | 1.2.15 | 3.31 | 28.01 | 31.32 | OK | |
r-devel-linux-x86_64-debian-gcc | 1.2.15 | 2.49 | 21.54 | 24.03 | OK | |
r-devel-linux-x86_64-fedora-clang | 1.2.15 | 44.91 | NOTE | |||
r-devel-linux-x86_64-fedora-gcc | 1.2.15 | 34.78 | NOTE | |||
r-devel-windows-ix86+x86_64 | 1.2.15 | 9.00 | 50.00 | 59.00 | OK | |
r-patched-linux-x86_64 | 1.2.15 | 3.25 | 26.81 | 30.06 | OK | |
r-patched-solaris-x86 | 1.2.15 | 54.90 | OK | |||
r-release-linux-x86_64 | 1.2.15 | 3.20 | 27.31 | 30.51 | OK | |
r-release-macos-x86_64 | 1.2.15 | OK | ||||
r-release-windows-ix86+x86_64 | 1.2.15 | 6.00 | 39.00 | 45.00 | OK | |
r-oldrel-macos-x86_64 | 1.2.15 | OK | ||||
r-oldrel-windows-ix86+x86_64 | 1.2.15 | 7.00 | 56.00 | 63.00 | OK |
Version: 1.2.15
Check: compiled code
Result: NOTE
File ‘fdrtool/libs/fdrtool.so’:
Found no calls to: ‘R_registerRoutines’, ‘R_useDynamicSymbols’
It is good practice to register native routines and to disable symbol
search.
See ‘Writing portable packages’ in the ‘Writing R Extensions’ manual.
Flavors: r-devel-linux-x86_64-fedora-clang, r-devel-linux-x86_64-fedora-gcc