Last updated on 2020-12-04 00:48:21 CET.
Flavor | Version | Tinstall | Tcheck | Ttotal | Status | Flags |
---|---|---|---|---|---|---|
r-devel-linux-x86_64-debian-clang | 0.1.0 | 5.48 | 42.24 | 47.72 | OK | |
r-devel-linux-x86_64-debian-gcc | 0.1.0 | 4.72 | 34.05 | 38.77 | OK | |
r-devel-linux-x86_64-fedora-clang | 0.1.0 | 61.23 | NOTE | |||
r-devel-linux-x86_64-fedora-gcc | 0.1.0 | 51.79 | NOTE | |||
r-devel-windows-ix86+x86_64 | 0.1.0 | 11.00 | 57.00 | 68.00 | OK | |
r-patched-linux-x86_64 | 0.1.0 | 4.40 | 40.56 | 44.96 | OK | |
r-patched-solaris-x86 | 0.1.0 | 76.10 | NOTE | |||
r-release-linux-x86_64 | 0.1.0 | 4.90 | 39.62 | 44.52 | OK | |
r-release-macos-x86_64 | 0.1.0 | NOTE | ||||
r-release-windows-ix86+x86_64 | 0.1.0 | 9.00 | 46.00 | 55.00 | OK | |
r-oldrel-macos-x86_64 | 0.1.0 | NOTE | ||||
r-oldrel-windows-ix86+x86_64 | 0.1.0 | 8.00 | 56.00 | 64.00 | OK |
Version: 0.1.0
Check: dependencies in R code
Result: NOTE
Namespaces in Imports field not imported from:
‘usethis’ ‘utils’
All declared Imports should be used.
Flavors: r-devel-linux-x86_64-fedora-clang, r-devel-linux-x86_64-fedora-gcc, r-patched-solaris-x86, r-release-macos-x86_64, r-oldrel-macos-x86_64
Version: 0.1.0
Check: data for non-ASCII characters
Result: NOTE
Note: found 1 marked Latin-1 string
Flavors: r-devel-linux-x86_64-fedora-clang, r-devel-linux-x86_64-fedora-gcc, r-patched-solaris-x86, r-release-macos-x86_64, r-oldrel-macos-x86_64