Last updated on 2020-12-04 00:48:21 CET.
Flavor | Version | Tinstall | Tcheck | Ttotal | Status | Flags |
---|---|---|---|---|---|---|
r-devel-linux-x86_64-debian-clang | 2.0.2 | 43.48 | 241.97 | 285.45 | OK | |
r-devel-linux-x86_64-debian-gcc | 2.0.2 | 39.56 | 180.50 | 220.06 | OK | |
r-devel-linux-x86_64-fedora-clang | 2.0.2 | 364.36 | NOTE | |||
r-devel-linux-x86_64-fedora-gcc | 2.0.2 | 343.12 | NOTE | |||
r-devel-windows-ix86+x86_64 | 2.0.2 | 76.00 | 307.00 | 383.00 | OK | |
r-patched-linux-x86_64 | 2.0.2 | 34.45 | 219.85 | 254.30 | OK | |
r-patched-solaris-x86 | 2.0.2 | 403.50 | NOTE | |||
r-release-linux-x86_64 | 2.0.2 | 31.20 | 220.33 | 251.53 | OK | |
r-release-macos-x86_64 | 2.0.2 | NOTE | ||||
r-release-windows-ix86+x86_64 | 2.0.2 | 58.00 | 237.00 | 295.00 | OK | |
r-oldrel-macos-x86_64 | 2.0.2 | NOTE | ||||
r-oldrel-windows-ix86+x86_64 | 2.0.2 | 70.00 | 279.00 | 349.00 | OK |
Version: 2.0.2
Check: data for non-ASCII characters
Result: NOTE
Note: found 76 marked UTF-8 strings
Flavors: r-devel-linux-x86_64-fedora-clang, r-devel-linux-x86_64-fedora-gcc, r-patched-solaris-x86, r-release-macos-x86_64, r-oldrel-macos-x86_64