Last updated on 2020-12-04 00:48:21 CET.
Flavor | Version | Tinstall | Tcheck | Ttotal | Status | Flags |
---|---|---|---|---|---|---|
r-devel-linux-x86_64-debian-clang | 0.1.21 | 3.54 | 34.04 | 37.58 | NOTE | |
r-devel-linux-x86_64-debian-gcc | 0.1.21 | 3.05 | 28.08 | 31.13 | NOTE | |
r-devel-linux-x86_64-fedora-clang | 0.1.21 | 51.54 | NOTE | |||
r-devel-linux-x86_64-fedora-gcc | 0.1.21 | 61.77 | NOTE | |||
r-devel-windows-ix86+x86_64 | 0.1.21 | 7.00 | 49.00 | 56.00 | OK | |
r-patched-linux-x86_64 | 0.1.21 | 3.61 | 33.13 | 36.74 | NOTE | |
r-patched-solaris-x86 | 0.1.21 | 63.70 | NOTE | |||
r-release-linux-x86_64 | 0.1.21 | 3.41 | 33.34 | 36.75 | NOTE | |
r-release-macos-x86_64 | 0.1.21 | OK | ||||
r-release-windows-ix86+x86_64 | 0.1.21 | 5.00 | 39.00 | 44.00 | OK | |
r-oldrel-macos-x86_64 | 0.1.21 | OK | ||||
r-oldrel-windows-ix86+x86_64 | 0.1.21 | 5.00 | 47.00 | 52.00 | OK |
Version: 0.1.21
Check: for non-standard things in the check directory
Result: NOTE
Found the following files/directories:
'.Rprofile'
Flavors: r-devel-linux-x86_64-debian-clang, r-devel-linux-x86_64-debian-gcc, r-devel-linux-x86_64-fedora-clang, r-devel-linux-x86_64-fedora-gcc, r-patched-linux-x86_64, r-patched-solaris-x86, r-release-linux-x86_64