CRAN Package Check Results for Package fcaR

Last updated on 2020-12-04 00:48:21 CET.

Flavor Version Tinstall Tcheck Ttotal Status Flags
r-devel-linux-x86_64-debian-clang 1.0.6 65.91 163.23 229.14 OK
r-devel-linux-x86_64-debian-gcc 1.0.7 39.12 82.20 121.32 OK
r-devel-linux-x86_64-fedora-clang 1.0.7 148.55 OK
r-devel-linux-x86_64-fedora-gcc 1.0.7 218.11 OK
r-devel-windows-ix86+x86_64 1.0.6 145.00 313.00 458.00 OK
r-patched-linux-x86_64 1.0.7 52.66 102.07 154.73 OK
r-patched-solaris-x86 1.0.7 210.90 OK
r-release-linux-x86_64 1.0.6 53.13 160.18 213.31 OK
r-release-macos-x86_64 1.0.6 NOTE
r-release-windows-ix86+x86_64 1.0.6 107.00 246.00 353.00 OK
r-oldrel-macos-x86_64 1.0.7 OK
r-oldrel-windows-ix86+x86_64 1.0.6 108.00 296.00 404.00 OK

Check Details

Version: 1.0.6
Check: dependencies in R code
Result: NOTE
    Namespaces in Imports field not imported from:
     ‘RColorBrewer’ ‘arules’ ‘hasseDiagram’ ‘knitr’ ‘registry’ ‘scales’
     ‘tikzDevice’
     All declared Imports should be used.
Flavor: r-release-macos-x86_64