CRAN Package Check Results for Package fasttime

Last updated on 2020-12-04 00:48:21 CET.

Flavor Version Tinstall Tcheck Ttotal Status Flags
r-devel-linux-x86_64-debian-clang 1.0-2 1.92 18.85 20.77 OK
r-devel-linux-x86_64-debian-gcc 1.0-2 1.66 17.27 18.93 OK
r-devel-linux-x86_64-fedora-clang 1.0-2 33.36 NOTE
r-devel-linux-x86_64-fedora-gcc 1.0-2 23.94 NOTE
r-devel-windows-ix86+x86_64 1.0-2 5.00 35.00 40.00 OK
r-patched-linux-x86_64 1.0-2 1.93 18.76 20.69 OK
r-patched-solaris-x86 1.0-2 38.40 OK
r-release-linux-x86_64 1.0-2 2.07 20.43 22.50 OK
r-release-macos-x86_64 1.0-2 OK
r-release-windows-ix86+x86_64 1.0-2 6.00 29.00 35.00 OK
r-oldrel-macos-x86_64 1.0-2 OK
r-oldrel-windows-ix86+x86_64 1.0-2 7.00 41.00 48.00 OK

Check Details

Version: 1.0-2
Check: compiled code
Result: NOTE
    File ‘fasttime/libs/fasttime.so’:
     Found no calls to: ‘R_registerRoutines’, ‘R_useDynamicSymbols’
    
    It is good practice to register native routines and to disable symbol
    search.
    
    See ‘Writing portable packages’ in the ‘Writing R Extensions’ manual.
Flavors: r-devel-linux-x86_64-fedora-clang, r-devel-linux-x86_64-fedora-gcc