CRAN Package Check Results for Package fastdigest

Last updated on 2020-12-04 00:48:21 CET.

Flavor Version Tinstall Tcheck Ttotal Status Flags
r-devel-linux-x86_64-debian-clang 0.6-3 3.34 21.18 24.52 OK
r-devel-linux-x86_64-debian-gcc 0.6-3 2.28 18.94 21.22 OK
r-devel-linux-x86_64-fedora-clang 0.6-3 35.89 NOTE
r-devel-linux-x86_64-fedora-gcc 0.6-3 25.95 NOTE
r-devel-windows-ix86+x86_64 0.6-3 9.00 38.00 47.00 OK
r-patched-linux-x86_64 0.6-3 2.48 20.19 22.67 OK
r-patched-solaris-x86 0.6-3 41.60 OK
r-release-linux-x86_64 0.6-3 2.70 21.36 24.06 OK
r-release-macos-x86_64 0.6-3 OK
r-release-windows-ix86+x86_64 0.6-3 8.00 31.00 39.00 OK
r-oldrel-macos-x86_64 0.6-3 OK
r-oldrel-windows-ix86+x86_64 0.6-3 8.00 32.00 40.00 OK

Check Details

Version: 0.6-3
Check: compiled code
Result: NOTE
    File ‘fastdigest/libs/fastdigest.so’:
     Found no call to: ‘R_useDynamicSymbols’
    
    It is good practice to register native routines and to disable symbol
    search.
    
    See ‘Writing portable packages’ in the ‘Writing R Extensions’ manual.
Flavors: r-devel-linux-x86_64-fedora-clang, r-devel-linux-x86_64-fedora-gcc