Last updated on 2020-12-04 00:48:21 CET.
Flavor | Version | Tinstall | Tcheck | Ttotal | Status | Flags |
---|---|---|---|---|---|---|
r-devel-linux-x86_64-debian-clang | 1.4.1 | 11.95 | 86.37 | 98.32 | NOTE | |
r-devel-linux-x86_64-debian-gcc | 1.4.1 | 10.00 | 69.90 | 79.90 | NOTE | |
r-devel-linux-x86_64-fedora-clang | 1.4.1 | 121.75 | NOTE | |||
r-devel-linux-x86_64-fedora-gcc | 1.4.1 | 113.88 | NOTE | |||
r-devel-windows-ix86+x86_64 | 1.4.1 | 32.00 | 152.00 | 184.00 | OK | |
r-patched-linux-x86_64 | 1.4.1 | 12.30 | 81.86 | 94.16 | NOTE | |
r-patched-solaris-x86 | 1.4.1 | 179.50 | NOTE | |||
r-release-linux-x86_64 | 1.4.1 | 11.55 | 82.62 | 94.17 | NOTE | |
r-release-macos-x86_64 | 1.4.1 | OK | ||||
r-release-windows-ix86+x86_64 | 1.4.1 | 24.00 | 149.00 | 173.00 | OK | |
r-oldrel-macos-x86_64 | 1.4.1 | OK | ||||
r-oldrel-windows-ix86+x86_64 | 1.4.1 | 22.00 | 147.00 | 169.00 | OK |
Version: 1.4.1
Check: for non-standard things in the check directory
Result: NOTE
Found the following files/directories:
'default5.eps'
Flavors: r-devel-linux-x86_64-debian-clang, r-devel-linux-x86_64-debian-gcc, r-devel-linux-x86_64-fedora-clang, r-devel-linux-x86_64-fedora-gcc, r-patched-linux-x86_64, r-patched-solaris-x86, r-release-linux-x86_64
Version: 1.4.1
Check: compiled code
Result: NOTE
File ‘fastclime/libs/fastclime.so’:
Found no calls to: ‘R_registerRoutines’, ‘R_useDynamicSymbols’
It is good practice to register native routines and to disable symbol
search.
See ‘Writing portable packages’ in the ‘Writing R Extensions’ manual.
Flavors: r-devel-linux-x86_64-fedora-clang, r-devel-linux-x86_64-fedora-gcc