CRAN Package Check Results for Package fastTextR

Last updated on 2020-12-04 00:48:21 CET.

Flavor Version Tinstall Tcheck Ttotal Status Flags
r-devel-linux-x86_64-debian-clang 2.0.0 144.24 34.83 179.07 OK
r-devel-linux-x86_64-debian-gcc 2.0.0 87.52 27.35 114.87 OK
r-devel-linux-x86_64-fedora-clang 2.0.0 275.21 NOTE
r-devel-linux-x86_64-fedora-gcc 2.0.0 216.61 OK
r-devel-windows-ix86+x86_64 2.0.0 317.00 79.00 396.00 OK
r-patched-linux-x86_64 2.0.0 108.29 34.37 142.66 OK
r-patched-solaris-x86 2.0.0 182.30 OK
r-release-linux-x86_64 2.0.0 108.78 32.82 141.60 OK
r-release-macos-x86_64 2.0.0 NOTE
r-release-windows-ix86+x86_64 2.0.0 257.00 79.00 336.00 OK
r-oldrel-macos-x86_64 2.0.0 NOTE
r-oldrel-windows-ix86+x86_64 2.0.0 247.00 73.00 320.00 OK

Check Details

Version: 2.0.0
Check: installed package size
Result: NOTE
     installed size is 8.6Mb
     sub-directories of 1Mb or more:
     doc 1.9Mb
     libs 6.6Mb
Flavors: r-devel-linux-x86_64-fedora-clang, r-release-macos-x86_64, r-oldrel-macos-x86_64