Last updated on 2020-12-04 00:48:21 CET.
Flavor | Version | Tinstall | Tcheck | Ttotal | Status | Flags |
---|---|---|---|---|---|---|
r-devel-linux-x86_64-debian-clang | 0.0-4 | 34.68 | 29.92 | 64.60 | OK | |
r-devel-linux-x86_64-debian-gcc | 0.0-4 | 23.76 | 25.34 | 49.10 | OK | |
r-devel-linux-x86_64-fedora-clang | 0.0-4 | 91.55 | NOTE | |||
r-devel-linux-x86_64-fedora-gcc | 0.0-4 | 73.50 | OK | |||
r-devel-windows-ix86+x86_64 | 0.0-4 | 75.00 | 70.00 | 145.00 | OK | |
r-patched-linux-x86_64 | 0.0-4 | 25.30 | 29.80 | 55.10 | OK | |
r-patched-solaris-x86 | 0.0-4 | 83.90 | OK | |||
r-release-linux-x86_64 | 0.0-4 | 27.72 | 30.02 | 57.74 | OK | |
r-release-macos-x86_64 | 0.0-4 | OK | ||||
r-release-windows-ix86+x86_64 | 0.0-4 | 54.00 | 74.00 | 128.00 | OK | |
r-oldrel-macos-x86_64 | 0.0-4 | OK | ||||
r-oldrel-windows-ix86+x86_64 | 0.0-4 | 54.00 | 64.00 | 118.00 | OK |
Version: 0.0-4
Check: Rd cross-references
Result: NOTE
Undeclared packages ‘ICSNP’, ‘ICS’ in Rd xrefs
Flavor: r-devel-linux-x86_64-fedora-clang