Last updated on 2020-12-04 00:48:21 CET.
Flavor | Version | Tinstall | Tcheck | Ttotal | Status | Flags |
---|---|---|---|---|---|---|
r-devel-linux-x86_64-debian-clang | 0.6.0 | 75.25 | 116.92 | 192.17 | OK | |
r-devel-linux-x86_64-debian-gcc | 0.6.0 | 46.82 | 88.75 | 135.57 | OK | |
r-devel-linux-x86_64-fedora-clang | 0.6.0 | 239.47 | NOTE | |||
r-devel-linux-x86_64-fedora-gcc | 0.6.0 | 221.86 | OK | |||
r-devel-windows-ix86+x86_64 | 0.6.0 | 146.00 | 192.00 | 338.00 | NOTE | |
r-patched-linux-x86_64 | 0.6.0 | 40.92 | 109.74 | 150.66 | OK | |
r-patched-solaris-x86 | 0.6.0 | 278.50 | NOTE | |||
r-release-linux-x86_64 | 0.6.0 | 42.47 | 109.15 | 151.62 | OK | |
r-release-macos-x86_64 | 0.6.0 | NOTE | ||||
r-release-windows-ix86+x86_64 | 0.6.0 | 116.00 | 156.00 | 272.00 | NOTE | |
r-oldrel-macos-x86_64 | 0.6.0 | NOTE | ||||
r-oldrel-windows-ix86+x86_64 | 0.6.0 | 121.00 | 181.00 | 302.00 | NOTE |
Version: 0.6.0
Check: installed package size
Result: NOTE
installed size is 7.6Mb
sub-directories of 1Mb or more:
data 4.8Mb
libs 2.4Mb
Flavors: r-devel-linux-x86_64-fedora-clang, r-devel-windows-ix86+x86_64, r-patched-solaris-x86, r-release-macos-x86_64, r-release-windows-ix86+x86_64, r-oldrel-macos-x86_64, r-oldrel-windows-ix86+x86_64