CRAN Package Check Results for Package fastHICA

Last updated on 2020-12-04 00:48:21 CET.

Flavor Version Tinstall Tcheck Ttotal Status Flags
r-devel-linux-x86_64-debian-clang 1.0.2 2.67 30.38 33.05 NOTE
r-devel-linux-x86_64-debian-gcc 1.0.2 2.00 25.91 27.91 NOTE
r-devel-linux-x86_64-fedora-clang 1.0.2 46.16 NOTE
r-devel-linux-x86_64-fedora-gcc 1.0.2 36.63 NOTE
r-devel-windows-ix86+x86_64 1.0.2 7.00 47.00 54.00 NOTE
r-patched-linux-x86_64 1.0.2 2.57 29.40 31.97 NOTE
r-patched-solaris-x86 1.0.2 59.00 NOTE
r-release-linux-x86_64 1.0.2 2.69 29.72 32.41 NOTE
r-release-macos-x86_64 1.0.2 NOTE
r-release-windows-ix86+x86_64 1.0.2 6.00 48.00 54.00 NOTE
r-oldrel-macos-x86_64 1.0.2 NOTE
r-oldrel-windows-ix86+x86_64 1.0.2 5.00 51.00 56.00 NOTE

Check Details

Version: 1.0.2
Check: R code for possible problems
Result: NOTE
    basis_hica: no visible global function definition for 'princomp'
    energy_hica: no visible global function definition for 'dev.new'
    energy_hica: no visible global function definition for 'points'
    energy_hica: no visible global function definition for 'legend'
    Undefined global functions or variables:
     dev.new legend points princomp
    Consider adding
     importFrom("grDevices", "dev.new")
     importFrom("graphics", "legend", "points")
     importFrom("stats", "princomp")
    to your NAMESPACE file.
Flavors: r-devel-linux-x86_64-debian-clang, r-devel-linux-x86_64-debian-gcc, r-devel-linux-x86_64-fedora-clang, r-devel-linux-x86_64-fedora-gcc, r-devel-windows-ix86+x86_64, r-patched-linux-x86_64, r-patched-solaris-x86, r-release-linux-x86_64, r-release-macos-x86_64, r-release-windows-ix86+x86_64, r-oldrel-macos-x86_64, r-oldrel-windows-ix86+x86_64