CRAN Package Check Results for Package fanc

Last updated on 2020-12-04 00:48:21 CET.

Flavor Version Tinstall Tcheck Ttotal Status Flags
r-devel-linux-x86_64-debian-clang 2.2 12.98 66.06 79.04 OK
r-devel-linux-x86_64-debian-gcc 2.2 10.10 52.51 62.61 OK
r-devel-linux-x86_64-fedora-clang 2.2 99.63 NOTE
r-devel-linux-x86_64-fedora-gcc 2.2 89.97 NOTE
r-devel-windows-ix86+x86_64 2.2 25.00 102.00 127.00 OK
r-patched-linux-x86_64 2.2 11.18 63.43 74.61 OK
r-patched-solaris-x86 2.2 130.10 OK
r-release-linux-x86_64 2.2 9.31 61.64 70.95 OK
r-release-macos-x86_64 2.2 OK
r-release-windows-ix86+x86_64 2.2 18.00 109.00 127.00 OK
r-oldrel-macos-x86_64 2.2 OK
r-oldrel-windows-ix86+x86_64 2.2 20.00 107.00 127.00 OK

Check Details

Version: 2.2
Check: compiled code
Result: NOTE
    File ‘fanc/libs/fanc.so’:
     Found no calls to: ‘R_registerRoutines’, ‘R_useDynamicSymbols’
    
    It is good practice to register native routines and to disable symbol
    search.
    
    See ‘Writing portable packages’ in the ‘Writing R Extensions’ manual.
Flavors: r-devel-linux-x86_64-fedora-clang, r-devel-linux-x86_64-fedora-gcc