Last updated on 2020-12-04 00:48:21 CET.
Flavor | Version | Tinstall | Tcheck | Ttotal | Status | Flags |
---|---|---|---|---|---|---|
r-devel-linux-x86_64-debian-clang | 0.2.2 | 10.54 | 240.96 | 251.50 | OK | |
r-devel-linux-x86_64-debian-gcc | 0.2.2 | 7.99 | 179.53 | 187.52 | OK | |
r-devel-linux-x86_64-fedora-clang | 0.2.2 | 285.57 | OK | |||
r-devel-linux-x86_64-fedora-gcc | 0.2.2 | 280.57 | OK | |||
r-devel-windows-ix86+x86_64 | 0.2.2 | 18.00 | 253.00 | 271.00 | OK | |
r-patched-linux-x86_64 | 0.2.2 | 9.41 | 227.66 | 237.07 | OK | |
r-patched-solaris-x86 | 0.2.2 | 1091.50 | NOTE | |||
r-release-linux-x86_64 | 0.2.2 | 9.43 | 227.17 | 236.60 | OK | |
r-release-macos-x86_64 | 0.2.2 | OK | ||||
r-release-windows-ix86+x86_64 | 0.2.2 | 15.00 | 212.00 | 227.00 | OK | |
r-oldrel-macos-x86_64 | 0.2.2 | OK | ||||
r-oldrel-windows-ix86+x86_64 | 0.2.2 | 20.00 | 287.00 | 307.00 | OK |
Version: 0.2.2
Check: installed package size
Result: NOTE
installed size is 5.1Mb
sub-directories of 1Mb or more:
doc 3.8Mb
Flavor: r-patched-solaris-x86