Last updated on 2020-12-04 00:48:21 CET.
Flavor | Version | Tinstall | Tcheck | Ttotal | Status | Flags |
---|---|---|---|---|---|---|
r-devel-linux-x86_64-debian-clang | 3.0.1 | 36.47 | 36.24 | 72.71 | OK | |
r-devel-linux-x86_64-debian-gcc | 3.0.1 | 31.01 | 28.64 | 59.65 | OK | |
r-devel-linux-x86_64-fedora-clang | 3.0.1 | 98.35 | NOTE | |||
r-devel-linux-x86_64-fedora-gcc | 3.0.1 | 90.11 | NOTE | |||
r-devel-windows-ix86+x86_64 | 3.0.1 | 55.00 | 48.00 | 103.00 | OK | |
r-patched-linux-x86_64 | 3.0.1 | 36.24 | 32.96 | 69.20 | OK | |
r-patched-solaris-x86 | 3.0.1 | 108.20 | NOTE | |||
r-release-linux-x86_64 | 3.0.1 | 36.00 | 33.21 | 69.21 | OK | |
r-release-macos-x86_64 | 3.0.1 | NOTE | ||||
r-release-windows-ix86+x86_64 | 3.0.1 | 40.00 | 36.00 | 76.00 | OK | |
r-oldrel-macos-x86_64 | 3.0.1 | NOTE | ||||
r-oldrel-windows-ix86+x86_64 | 3.0.1 | 45.00 | 47.00 | 92.00 | OK |
Version: 3.0.1
Check: dependencies in R code
Result: NOTE
Namespaces in Imports field not imported from:
‘R6’ ‘caTools’ ‘httr’ ‘jsonlite’ ‘rlang’
All declared Imports should be used.
Flavors: r-devel-linux-x86_64-fedora-clang, r-devel-linux-x86_64-fedora-gcc, r-patched-solaris-x86, r-release-macos-x86_64, r-oldrel-macos-x86_64