Last updated on 2020-12-04 00:48:21 CET.
Flavor | Version | Tinstall | Tcheck | Ttotal | Status | Flags |
---|---|---|---|---|---|---|
r-devel-linux-x86_64-debian-clang | 0.5-4 | 6.72 | 55.59 | 62.31 | NOTE | |
r-devel-linux-x86_64-debian-gcc | 0.5-4 | 5.83 | 45.06 | 50.89 | NOTE | |
r-devel-linux-x86_64-fedora-clang | 0.5-4 | 81.19 | NOTE | |||
r-devel-linux-x86_64-fedora-gcc | 0.5-4 | 71.45 | NOTE | |||
r-devel-windows-ix86+x86_64 | 0.5-4 | 13.00 | 72.00 | 85.00 | NOTE | |
r-patched-linux-x86_64 | 0.5-4 | 7.52 | 54.54 | 62.06 | NOTE | |
r-patched-solaris-x86 | 0.5-4 | 96.50 | NOTE | |||
r-release-linux-x86_64 | 0.5-4 | 7.29 | 54.52 | 61.81 | NOTE | |
r-release-macos-x86_64 | 0.5-4 | NOTE | ||||
r-release-windows-ix86+x86_64 | 0.5-4 | 9.00 | 76.00 | 85.00 | NOTE | |
r-oldrel-macos-x86_64 | 0.5-4 | NOTE | ||||
r-oldrel-windows-ix86+x86_64 | 0.5-4 | 10.00 | 73.00 | 83.00 | NOTE |
Version: 0.5-4
Check: R code for possible problems
Result: NOTE
PTSingleAssetBarrierOption2: no visible global function definition for
'new'
newton: no visible global function definition for 'abline'
probInRange: no visible global function definition for 'pnorm'
shortfall_risk: no visible global function definition for 'pnorm'
Undefined global functions or variables:
abline new pnorm
Consider adding
importFrom("graphics", "abline")
importFrom("methods", "new")
importFrom("stats", "pnorm")
to your NAMESPACE file (and ensure that your DESCRIPTION Imports field
contains 'methods').
Flavors: r-devel-linux-x86_64-debian-clang, r-devel-linux-x86_64-debian-gcc, r-devel-linux-x86_64-fedora-clang, r-devel-linux-x86_64-fedora-gcc, r-devel-windows-ix86+x86_64, r-patched-linux-x86_64, r-patched-solaris-x86, r-release-linux-x86_64, r-release-macos-x86_64, r-release-windows-ix86+x86_64
Version: 0.5-4
Check: R code for possible problems
Result: NOTE
PTSingleAssetBarrierOption2: no visible global function definition for
‘new’
newton: no visible global function definition for ‘plot’
newton: no visible global function definition for ‘abline’
probInRange: no visible global function definition for ‘pnorm’
shortfall_risk: no visible global function definition for ‘pnorm’
Undefined global functions or variables:
abline new plot pnorm
Consider adding
importFrom("graphics", "abline", "plot")
importFrom("methods", "new")
importFrom("stats", "pnorm")
to your NAMESPACE file (and ensure that your DESCRIPTION Imports field
contains 'methods').
Flavors: r-oldrel-macos-x86_64, r-oldrel-windows-ix86+x86_64