CRAN Package Check Results for Package fBasics

Last updated on 2020-12-04 00:48:21 CET.

Flavor Version Tinstall Tcheck Ttotal Status Flags
r-devel-linux-x86_64-debian-clang 3042.89.1 71.67 169.33 241.00 OK
r-devel-linux-x86_64-debian-gcc 3042.89.1 63.85 129.07 192.92 OK
r-devel-linux-x86_64-fedora-clang 3042.89.1 299.02 NOTE
r-devel-linux-x86_64-fedora-gcc 3042.89.1 273.56 NOTE
r-devel-windows-ix86+x86_64 3042.89.1 112.00 230.00 342.00 OK
r-patched-linux-x86_64 3042.89.1 63.00 159.86 222.86 OK
r-patched-solaris-x86 3042.89.1 399.00 OK
r-release-linux-x86_64 3042.89.1 74.50 156.84 231.34 OK
r-release-macos-x86_64 3042.89.1 OK
r-release-windows-ix86+x86_64 3042.89.1 83.00 229.00 312.00 OK
r-oldrel-macos-x86_64 3042.89.1 NOTE
r-oldrel-windows-ix86+x86_64 3042.89.1 92.00 212.00 304.00 OK

Check Details

Version: 3042.89.1
Check: compiled code
Result: NOTE
    File ‘fBasics/libs/fBasics.so’:
     Found no calls to: ‘R_registerRoutines’, ‘R_useDynamicSymbols’
    
    It is good practice to register native routines and to disable symbol
    search.
    
    See ‘Writing portable packages’ in the ‘Writing R Extensions’ manual.
Flavors: r-devel-linux-x86_64-fedora-clang, r-devel-linux-x86_64-fedora-gcc

Version: 3042.89.1
Check: dependencies in R code
Result: NOTE
    No protocol specified
    No protocol specified
Flavor: r-oldrel-macos-x86_64