CRAN Package Check Results for Package extraDistr

Last updated on 2020-12-04 00:48:21 CET.

Flavor Version Tinstall Tcheck Ttotal Status Flags
r-devel-linux-x86_64-debian-clang 1.9.1 521.35 87.23 608.58 OK
r-devel-linux-x86_64-debian-gcc 1.9.1 298.72 69.15 367.87 OK
r-devel-linux-x86_64-fedora-clang 1.9.1 855.70 NOTE
r-devel-linux-x86_64-fedora-gcc 1.9.1 698.26 OK
r-devel-windows-ix86+x86_64 1.9.1 933.00 212.00 1145.00 OK
r-patched-linux-x86_64 1.9.1 380.62 85.72 466.34 OK
r-patched-solaris-x86 1.9.1 581.90 OK
r-release-linux-x86_64 1.9.1 380.62 84.13 464.75 OK
r-release-macos-x86_64 1.9.1 NOTE
r-release-windows-ix86+x86_64 1.9.1 869.00 175.00 1044.00 OK
r-oldrel-macos-x86_64 1.9.1 NOTE
r-oldrel-windows-ix86+x86_64 1.9.1 886.00 206.00 1092.00 OK

Check Details

Version: 1.9.1
Check: installed package size
Result: NOTE
     installed size is 18.3Mb
     sub-directories of 1Mb or more:
     libs 17.7Mb
Flavors: r-devel-linux-x86_64-fedora-clang, r-release-macos-x86_64, r-oldrel-macos-x86_64