CRAN Package Check Results for Package expose

Last updated on 2020-12-04 00:48:21 CET.

Flavor Version Tinstall Tcheck Ttotal Status Flags
r-devel-linux-x86_64-debian-clang 0.0.3 4.18 36.49 40.67 NOTE
r-devel-linux-x86_64-debian-gcc 0.0.3 3.31 28.99 32.30 NOTE
r-devel-linux-x86_64-fedora-clang 0.0.3 56.16 NOTE
r-devel-linux-x86_64-fedora-gcc 0.0.3 46.17 NOTE
r-devel-windows-ix86+x86_64 0.0.3 8.00 49.00 57.00 NOTE
r-patched-linux-x86_64 0.0.3 4.72 36.96 41.68 NOTE
r-patched-solaris-x86 0.0.3 72.30 NOTE
r-release-linux-x86_64 0.0.3 4.28 34.73 39.01 NOTE
r-release-macos-x86_64 0.0.3 NOTE
r-release-windows-ix86+x86_64 0.0.3 6.00 39.00 45.00 NOTE
r-oldrel-macos-x86_64 0.0.3 NOTE
r-oldrel-windows-ix86+x86_64 0.0.3 5.00 48.00 53.00 OK

Check Details

Version: 0.0.3
Check: package vignettes
Result: NOTE
    Package vignette with placeholder title 'Vignette Title':
     'Vignette.Rmd'
Flavors: r-devel-linux-x86_64-debian-clang, r-devel-linux-x86_64-debian-gcc, r-devel-windows-ix86+x86_64, r-patched-linux-x86_64, r-release-linux-x86_64, r-release-windows-ix86+x86_64

Version: 0.0.3
Check: dependencies in R code
Result: NOTE
    Namespaces in Imports field not imported from:
     ‘Matrix’ ‘RColorBrewer’ ‘Rcpp’ ‘e1071’ ‘foreach’ ‘gam’ ‘ggplot2’
     ‘glmnet’ ‘nnet’ ‘polspline’ ‘repmis’ ‘splines’ ‘xgboost’
     All declared Imports should be used.
Flavors: r-devel-linux-x86_64-fedora-clang, r-devel-linux-x86_64-fedora-gcc, r-patched-solaris-x86, r-release-macos-x86_64, r-oldrel-macos-x86_64