Last updated on 2020-12-04 00:48:21 CET.
Flavor | Version | Tinstall | Tcheck | Ttotal | Status | Flags |
---|---|---|---|---|---|---|
r-devel-linux-x86_64-debian-clang | 0.1.4 | 223.27 | 60.60 | 283.87 | OK | |
r-devel-linux-x86_64-debian-gcc | 0.1.4 | 149.59 | 48.68 | 198.27 | OK | |
r-devel-linux-x86_64-fedora-clang | 0.1.4 | 404.86 | NOTE | |||
r-devel-linux-x86_64-fedora-gcc | 0.1.4 | 360.50 | OK | |||
r-devel-windows-ix86+x86_64 | 0.1.4 | 515.00 | 109.00 | 624.00 | OK | |
r-patched-linux-x86_64 | 0.1.4 | 178.28 | 57.92 | 236.20 | OK | |
r-patched-solaris-x86 | 0.1.4 | 306.00 | OK | |||
r-release-linux-x86_64 | 0.1.4 | 174.19 | 57.18 | 231.37 | OK | |
r-release-macos-x86_64 | 0.1.4 | NOTE | ||||
r-release-windows-ix86+x86_64 | 0.1.4 | 387.00 | 108.00 | 495.00 | OK | |
r-oldrel-macos-x86_64 | 0.1.4 | NOTE | ||||
r-oldrel-windows-ix86+x86_64 | 0.1.4 | 381.00 | 102.00 | 483.00 | OK |
Version: 0.1.4
Check: installed package size
Result: NOTE
installed size is 8.0Mb
sub-directories of 1Mb or more:
libs 7.1Mb
Flavors: r-devel-linux-x86_64-fedora-clang, r-release-macos-x86_64, r-oldrel-macos-x86_64