CRAN Package Check Results for Package eva

Last updated on 2020-12-04 00:48:21 CET.

Flavor Version Tinstall Tcheck Ttotal Status Flags
r-devel-linux-x86_64-debian-clang 0.2.6 13.50 105.08 118.58 OK
r-devel-linux-x86_64-debian-gcc 0.2.6 11.66 80.24 91.90 OK
r-devel-linux-x86_64-fedora-clang 0.2.6 145.16 NOTE
r-devel-linux-x86_64-fedora-gcc 0.2.6 137.21 NOTE
r-devel-windows-ix86+x86_64 0.2.6 24.00 123.00 147.00 OK
r-patched-linux-x86_64 0.2.6 12.51 100.23 112.74 OK
r-patched-solaris-x86 0.2.6 187.20 NOTE
r-release-linux-x86_64 0.2.6 13.31 99.36 112.67 OK
r-release-macos-x86_64 0.2.6 NOTE
r-release-windows-ix86+x86_64 0.2.6 18.00 128.00 146.00 OK
r-oldrel-macos-x86_64 0.2.6 NOTE
r-oldrel-windows-ix86+x86_64 0.2.6 29.00 125.00 154.00 OK

Check Details

Version: 0.2.6
Check: dependencies in R code
Result: NOTE
    Namespace in Imports field not imported from: ‘EnvStats’
     All declared Imports should be used.
Flavors: r-devel-linux-x86_64-fedora-clang, r-devel-linux-x86_64-fedora-gcc, r-patched-solaris-x86, r-release-macos-x86_64, r-oldrel-macos-x86_64