CRAN Package Check Results for Package eurostat

Last updated on 2020-12-04 00:48:21 CET.

Flavor Version Tinstall Tcheck Ttotal Status Flags
r-devel-linux-x86_64-debian-clang 3.6.84 10.96 92.88 103.84 OK
r-devel-linux-x86_64-debian-gcc 3.6.84 10.14 70.90 81.04 OK
r-devel-linux-x86_64-fedora-clang 3.6.84 128.33 NOTE
r-devel-linux-x86_64-fedora-gcc 3.6.84 124.84 NOTE
r-devel-windows-ix86+x86_64 3.6.84 28.00 110.00 138.00 OK
r-patched-linux-x86_64 3.6.84 11.36 87.95 99.31 OK
r-patched-solaris-x86 3.6.84 178.80 NOTE
r-release-linux-x86_64 3.6.84 13.09 89.15 102.24 OK
r-release-macos-x86_64 3.6.84 NOTE
r-release-windows-ix86+x86_64 3.6.84 18.00 88.00 106.00 OK
r-oldrel-macos-x86_64 3.6.84 NOTE
r-oldrel-windows-ix86+x86_64 3.6.84 16.00 109.00 125.00 OK

Check Details

Version: 3.6.84
Check: dependencies in R code
Result: NOTE
    Namespace in Imports field not imported from: ‘tidyselect’
     All declared Imports should be used.
Flavors: r-devel-linux-x86_64-fedora-clang, r-devel-linux-x86_64-fedora-gcc, r-patched-solaris-x86, r-release-macos-x86_64, r-oldrel-macos-x86_64

Version: 3.6.84
Check: data for non-ASCII characters
Result: NOTE
     Note: found 1182 marked UTF-8 strings
Flavors: r-devel-linux-x86_64-fedora-clang, r-devel-linux-x86_64-fedora-gcc, r-patched-solaris-x86, r-release-macos-x86_64, r-oldrel-macos-x86_64