Last updated on 2020-12-04 00:48:21 CET.
Flavor | Version | Tinstall | Tcheck | Ttotal | Status | Flags |
---|---|---|---|---|---|---|
r-devel-linux-x86_64-debian-clang | 0.28.0 | 92.05 | 134.29 | 226.34 | OK | |
r-devel-linux-x86_64-debian-gcc | 0.28.0 | 70.74 | 104.62 | 175.36 | OK | |
r-devel-linux-x86_64-fedora-clang | 0.28.0 | 300.15 | NOTE | |||
r-devel-linux-x86_64-fedora-gcc | 0.28.0 | 292.34 | OK | |||
r-devel-windows-ix86+x86_64 | 0.28.0 | 211.00 | 243.00 | 454.00 | OK | |
r-patched-linux-x86_64 | 0.28.0 | 81.20 | 130.55 | 211.75 | OK | |
r-patched-solaris-x86 | 0.28.0 | 303.10 | OK | |||
r-release-linux-x86_64 | 0.28.0 | 77.87 | 131.88 | 209.75 | OK | |
r-release-macos-x86_64 | 0.28.0 | NOTE | ||||
r-release-windows-ix86+x86_64 | 0.28.0 | 151.00 | 197.00 | 348.00 | OK | |
r-oldrel-macos-x86_64 | 0.28.0 | NOTE | ||||
r-oldrel-windows-ix86+x86_64 | 0.28.0 | 158.00 | 226.00 | 384.00 | OK |
Version: 0.28.0
Check: installed package size
Result: NOTE
installed size is 25.8Mb
sub-directories of 1Mb or more:
libs 25.4Mb
Flavors: r-devel-linux-x86_64-fedora-clang, r-release-macos-x86_64, r-oldrel-macos-x86_64