CRAN Package Check Results for Package errorlocate

Last updated on 2020-12-04 00:48:21 CET.

Flavor Version Tinstall Tcheck Ttotal Status Flags
r-devel-linux-x86_64-debian-clang 0.5.1 6.68 60.20 66.88 OK
r-devel-linux-x86_64-debian-gcc 0.5.1 5.72 48.10 53.82 OK
r-devel-linux-x86_64-fedora-clang 0.5.1 86.91 OK
r-devel-linux-x86_64-fedora-gcc 0.5.1 79.14 OK
r-devel-windows-ix86+x86_64 0.5.1 18.00 81.00 99.00 OK
r-patched-linux-x86_64 0.5.1 6.09 58.88 64.97 OK
r-patched-solaris-x86 0.5.1 108.00 OK
r-release-linux-x86_64 0.5.1 6.21 57.66 63.87 OK
r-release-macos-x86_64 0.5.1 OK
r-release-windows-ix86+x86_64 0.5.1 16.00 57.00 73.00 OK
r-oldrel-macos-x86_64 0.5.1 ERROR
r-oldrel-windows-ix86+x86_64 0.5.1 10.00 73.00 83.00 ERROR

Check Details

Version: 0.5.1
Check: tests
Result: ERROR
     Running ‘testthat.R’ [10s/10s]
    Running the tests in ‘tests/testthat.R’ failed.
    Last 13 lines of output:
     6. └─errorlocate:::.local(data, x, ..., timeout = timeout)
     7. └─x$locate(data = data, weight = weight, ..., timeout = timeout)
     8. └─errorlocate:::log_derived_data(data, log_transform)
     9. └─base::do.call(log_fn, list(d))
    
     ── Skipped tests ──────────────────────────────────────────────────────────────
     ● Enhancement (1)
    
     ══ testthat results ═══════════════════════════════════════════════════════════
     ERROR (test-locate_errors.R:161:5): locate_errors: handles a contradiction in log constraints
     ERROR (test-locate_errors.R:174:5): locate_errors: handles small log transformed variables
    
     [ FAIL 2 | WARN 0 | SKIP 1 | PASS 154 ]
     Error: Test failures
     Execution halted
Flavor: r-oldrel-macos-x86_64

Version: 0.5.1
Check: tests
Result: ERROR
     Running 'testthat.R' [12s]
    Running the tests in 'tests/testthat.R' failed.
    Complete output:
     > library(testthat)
     > library(errorlocate)
     Loading required package: validate
    
     Attaching package: 'validate'
    
     The following object is masked from 'package:testthat':
    
     compare
    
     >
     > test_check("errorlocate")
     -- Skip (test-locate_errors.R:66:5): locate_errors: handles Inf weights --------
     Reason: Enhancement
    
     -- ERROR (test-locate_errors.R:161:5): locate_errors: handles a contradiction in
     Error: 'what' must be a function or character string
     Backtrace:
     x
     1. +-testthat::expect_warning(el <- locate_errors(d, rules)) test-locate_errors.R:161:4
     2. | \-testthat:::quasi_capture(enquo(object), label, capture_warnings)
     3. | +-testthat:::.capture(...)
     4. | | \-base::withCallingHandlers(...)
     5. | \-rlang::eval_bare(quo_get_expr(.quo), quo_get_env(.quo))
     6. +-errorlocate::locate_errors(d, rules)
     7. \-errorlocate::locate_errors(d, rules)
     8. \-errorlocate:::.local(data, x, ..., timeout = timeout)
     9. +-errorlocate::locate_errors(...)
     10. \-errorlocate::locate_errors(...)
     11. \-errorlocate:::.local(data, x, ..., timeout = timeout)
     12. \-x$locate(data = data, weight = weight, ..., timeout = timeout)
     13. \-errorlocate:::log_derived_data(data, log_transform)
     14. \-base::do.call(log_fn, list(d))
    
     -- ERROR (test-locate_errors.R:174:5): locate_errors: handles small log transfor
     Error: 'what' must be a function or character string
     Backtrace:
     x
     1. +-errorlocate::locate_errors(d, rules) test-locate_errors.R:174:4
     2. \-errorlocate::locate_errors(d, rules)
     3. \-errorlocate:::.local(data, x, ..., timeout = timeout)
     4. +-errorlocate::locate_errors(...)
     5. \-errorlocate::locate_errors(...)
     6. \-errorlocate:::.local(data, x, ..., timeout = timeout)
     7. \-x$locate(data = data, weight = weight, ..., timeout = timeout)
     8. \-errorlocate:::log_derived_data(data, log_transform)
     9. \-base::do.call(log_fn, list(d))
    
     -- Skipped tests --------------------------------------------------------------
     * Enhancement (1)
    
     == testthat results ===========================================================
     ERROR (test-locate_errors.R:161:5): locate_errors: handles a contradiction in log constraints
     ERROR (test-locate_errors.R:174:5): locate_errors: handles small log transformed variables
    
     [ FAIL 2 | WARN 0 | SKIP 1 | PASS 154 ]
     Error: Test failures
     Execution halted
Flavor: r-oldrel-windows-ix86+x86_64