CRAN Package Check Results for Package equatiomatic

Last updated on 2020-12-04 00:48:21 CET.

Flavor Version Tinstall Tcheck Ttotal Status Flags
r-devel-linux-x86_64-debian-clang 0.1.0 5.14 49.60 54.74 OK
r-devel-linux-x86_64-debian-gcc 0.1.0 4.35 38.63 42.98 OK
r-devel-linux-x86_64-fedora-clang 0.1.0 72.05 NOTE
r-devel-linux-x86_64-fedora-gcc 0.1.0 62.64 OK
r-devel-windows-ix86+x86_64 0.1.0 9.00 65.00 74.00 OK
r-patched-linux-x86_64 0.1.0 5.01 48.25 53.26 OK
r-patched-solaris-x86 0.1.0 94.00 OK
r-release-linux-x86_64 0.1.0 5.54 47.49 53.03 OK
r-release-macos-x86_64 0.1.0 OK
r-release-windows-ix86+x86_64 0.1.0 8.00 54.00 62.00 OK
r-oldrel-macos-x86_64 0.1.0 OK
r-oldrel-windows-ix86+x86_64 0.1.0 7.00 67.00 74.00 OK

Check Details

Version: 0.1.0
Check: Rd cross-references
Result: NOTE
    Undeclared package ‘palmerpenguins’ in Rd xrefs
Flavor: r-devel-linux-x86_64-fedora-clang