Last updated on 2020-12-04 00:48:21 CET.
Flavor | Version | Tinstall | Tcheck | Ttotal | Status | Flags |
---|---|---|---|---|---|---|
r-devel-linux-x86_64-debian-clang | 2.0.7 | 5.22 | 96.34 | 101.56 | NOTE | |
r-devel-linux-x86_64-debian-gcc | 2.0.7 | 5.57 | 69.29 | 74.86 | NOTE | |
r-devel-linux-x86_64-fedora-clang | 2.0.7 | 124.30 | NOTE | |||
r-devel-linux-x86_64-fedora-gcc | 2.0.7 | 114.62 | NOTE | |||
r-devel-windows-ix86+x86_64 | 2.0.7 | 9.00 | 116.00 | 125.00 | NOTE | |
r-patched-linux-x86_64 | 2.0.7 | 5.51 | 88.96 | 94.47 | NOTE | |
r-patched-solaris-x86 | 2.0.7 | 146.40 | NOTE | |||
r-release-linux-x86_64 | 2.0.7 | 6.33 | 89.20 | 95.53 | NOTE | |
r-release-macos-x86_64 | 2.0.7 | NOTE | ||||
r-release-windows-ix86+x86_64 | 2.0.7 | 10.00 | 85.00 | 95.00 | NOTE | |
r-oldrel-macos-x86_64 | 2.0.7 | NOTE | ||||
r-oldrel-windows-ix86+x86_64 | 2.0.7 | 9.00 | 125.00 | 134.00 | NOTE |
Version: 2.0.7
Check: files in ‘vignettes’
Result: NOTE
The following files contain a license that requires
distribution of original sources:
'upgreek.sty'
Please ensure that you have complied with it.
Flavors: r-devel-linux-x86_64-debian-clang, r-devel-linux-x86_64-debian-gcc, r-devel-linux-x86_64-fedora-clang, r-devel-linux-x86_64-fedora-gcc, r-devel-windows-ix86+x86_64, r-patched-linux-x86_64, r-patched-solaris-x86, r-release-linux-x86_64, r-release-macos-x86_64, r-release-windows-ix86+x86_64, r-oldrel-macos-x86_64, r-oldrel-windows-ix86+x86_64