CRAN Package Check Results for Package epos

Last updated on 2020-12-04 00:48:21 CET.

Flavor Version Tinstall Tcheck Ttotal Status Flags
r-devel-linux-x86_64-debian-clang 0.1.3 12.39 109.67 122.06 OK
r-devel-linux-x86_64-debian-gcc 0.1.3 11.49 84.51 96.00 OK
r-devel-linux-x86_64-fedora-clang 0.1.3 151.18 NOTE
r-devel-linux-x86_64-fedora-gcc 0.1.3 140.09 NOTE
r-devel-windows-ix86+x86_64 0.1.3 27.00 130.00 157.00 OK
r-patched-linux-x86_64 0.1.3 8.85 101.37 110.22 OK
r-patched-solaris-x86 0.1.3 212.10 NOTE
r-release-linux-x86_64 0.1.3 8.18 103.19 111.37 OK
r-release-macos-x86_64 0.1.3 NOTE
r-release-windows-ix86+x86_64 0.1.3 21.00 105.00 126.00 OK
r-oldrel-macos-x86_64 0.1.3 NOTE
r-oldrel-windows-ix86+x86_64 0.1.3 25.00 133.00 158.00 OK

Check Details

Version: 0.1.3
Check: dependencies in R code
Result: NOTE
    Namespace in Imports field not imported from: ‘testthat’
     All declared Imports should be used.
Flavors: r-devel-linux-x86_64-fedora-clang, r-devel-linux-x86_64-fedora-gcc, r-patched-solaris-x86, r-release-macos-x86_64, r-oldrel-macos-x86_64

Version: 0.1.3
Check: data for non-ASCII characters
Result: NOTE
     Note: found 15 marked UTF-8 strings
Flavors: r-devel-linux-x86_64-fedora-clang, r-devel-linux-x86_64-fedora-gcc, r-patched-solaris-x86, r-release-macos-x86_64, r-oldrel-macos-x86_64