CRAN Package Check Results for Package episplineDensity

Last updated on 2020-12-04 00:48:21 CET.

Flavor Version Tinstall Tcheck Ttotal Status Flags
r-devel-linux-x86_64-debian-clang 0.0-1 3.93 31.37 35.30 NOTE
r-devel-linux-x86_64-debian-gcc 0.0-1 3.03 24.46 27.49 NOTE
r-devel-linux-x86_64-fedora-clang 0.0-1 47.19 NOTE
r-devel-linux-x86_64-fedora-gcc 0.0-1 37.66 NOTE
r-devel-windows-ix86+x86_64 0.0-1 7.00 42.00 49.00 NOTE
r-patched-linux-x86_64 0.0-1 4.04 30.03 34.07 NOTE
r-patched-solaris-x86 0.0-1 54.30 NOTE
r-release-linux-x86_64 0.0-1 4.08 28.61 32.69 NOTE
r-release-macos-x86_64 0.0-1 NOTE
r-release-windows-ix86+x86_64 0.0-1 6.00 41.00 47.00 NOTE
r-oldrel-macos-x86_64 0.0-1 NOTE
r-oldrel-windows-ix86+x86_64 0.0-1 5.00 42.00 47.00 NOTE

Check Details

Version: 0.0-1
Check: R code for possible problems
Result: NOTE
    plot.episplineDensity: no visible global function definition for
     'points'
    postproc: no visible global function definition for 'points'
    preprocess.data: no visible global function definition for 'sd'
    Undefined global functions or variables:
     points sd
    Consider adding
     importFrom("graphics", "points")
     importFrom("stats", "sd")
    to your NAMESPACE file.
Flavors: r-devel-linux-x86_64-debian-clang, r-devel-linux-x86_64-debian-gcc, r-devel-linux-x86_64-fedora-clang, r-devel-linux-x86_64-fedora-gcc, r-devel-windows-ix86+x86_64, r-patched-linux-x86_64, r-patched-solaris-x86, r-release-linux-x86_64, r-release-macos-x86_64, r-release-windows-ix86+x86_64

Version: 0.0-1
Check: R code for possible problems
Result: NOTE
    plot.episplineDensity: no visible global function definition for ‘plot’
    plot.episplineDensity: no visible global function definition for
     ‘points’
    postproc: no visible global function definition for ‘plot’
    postproc: no visible global function definition for ‘points’
    preprocess.data: no visible global function definition for ‘sd’
    Undefined global functions or variables:
     plot points sd
    Consider adding
     importFrom("graphics", "plot", "points")
     importFrom("stats", "sd")
    to your NAMESPACE file.
Flavors: r-oldrel-macos-x86_64, r-oldrel-windows-ix86+x86_64