CRAN Package Check Results for Package epifitter

Last updated on 2020-12-04 00:48:21 CET.

Flavor Version Tinstall Tcheck Ttotal Status Flags
r-devel-linux-x86_64-debian-clang 0.2.0 4.14 64.14 68.28 OK
r-devel-linux-x86_64-debian-gcc 0.2.0 3.59 48.60 52.19 OK
r-devel-linux-x86_64-fedora-clang 0.2.0 82.73 NOTE
r-devel-linux-x86_64-fedora-gcc 0.2.0 75.75 NOTE
r-devel-windows-ix86+x86_64 0.2.0 8.00 80.00 88.00 OK
r-patched-linux-x86_64 0.2.0 4.53 59.78 64.31 OK
r-patched-solaris-x86 0.2.0 100.30 NOTE
r-release-linux-x86_64 0.2.0 4.77 61.84 66.61 OK
r-release-macos-x86_64 0.2.0 NOTE
r-release-windows-ix86+x86_64 0.2.0 7.00 60.00 67.00 OK
r-oldrel-macos-x86_64 0.2.0 NOTE
r-oldrel-windows-ix86+x86_64 0.2.0 4.00 69.00 73.00 OK

Check Details

Version: 0.2.0
Check: dependencies in R code
Result: NOTE
    Namespace in Imports field not imported from: ‘knitr’
     All declared Imports should be used.
Flavors: r-devel-linux-x86_64-fedora-clang, r-devel-linux-x86_64-fedora-gcc, r-patched-solaris-x86, r-release-macos-x86_64, r-oldrel-macos-x86_64