CRAN Package Check Results for Package encryptr

Last updated on 2020-12-04 00:48:21 CET.

Flavor Version Tinstall Tcheck Ttotal Status Flags
r-devel-linux-x86_64-debian-clang 0.1.3 4.34 41.85 46.19 NOTE
r-devel-linux-x86_64-debian-gcc 0.1.3 3.76 34.52 38.28 NOTE
r-devel-linux-x86_64-fedora-clang 0.1.3 61.53 NOTE
r-devel-linux-x86_64-fedora-gcc 0.1.3 51.70 NOTE
r-devel-windows-ix86+x86_64 0.1.3 9.00 57.00 66.00 OK
r-patched-linux-x86_64 0.1.3 4.31 41.10 45.41 NOTE
r-patched-solaris-x86 0.1.3 82.70 NOTE
r-release-linux-x86_64 0.1.3 3.46 39.23 42.69 NOTE
r-release-macos-x86_64 0.1.3 NOTE
r-release-windows-ix86+x86_64 0.1.3 8.00 47.00 55.00 OK
r-oldrel-macos-x86_64 0.1.3 NOTE
r-oldrel-windows-ix86+x86_64 0.1.3 6.00 55.00 61.00 OK

Check Details

Version: 0.1.3
Check: for non-standard things in the check directory
Result: NOTE
    Found the following files/directories:
     'file.path(temp_dir, gp2.csv)'
Flavors: r-devel-linux-x86_64-debian-clang, r-devel-linux-x86_64-debian-gcc, r-devel-linux-x86_64-fedora-clang, r-devel-linux-x86_64-fedora-gcc, r-patched-linux-x86_64, r-patched-solaris-x86, r-release-linux-x86_64

Version: 0.1.3
Check: dependencies in R code
Result: NOTE
    Namespace in Imports field not imported from: ‘knitr’
     All declared Imports should be used.
Flavors: r-devel-linux-x86_64-fedora-clang, r-devel-linux-x86_64-fedora-gcc, r-patched-solaris-x86, r-release-macos-x86_64, r-oldrel-macos-x86_64