CRAN Package Check Results for Package emon

Last updated on 2020-12-04 00:48:21 CET.

Flavor Version Tinstall Tcheck Ttotal Status Flags
r-devel-linux-x86_64-debian-clang 1.3.2 9.20 84.61 93.81 OK
r-devel-linux-x86_64-debian-gcc 1.3.2 6.99 64.19 71.18 OK
r-devel-linux-x86_64-fedora-clang 1.3.2 114.53 NOTE
r-devel-linux-x86_64-fedora-gcc 1.3.2 107.94 OK
r-devel-windows-ix86+x86_64 1.3.2 18.00 99.00 117.00 OK
r-patched-linux-x86_64 1.3.2 9.23 79.20 88.43 OK
r-patched-solaris-x86 1.3.2 147.60 OK
r-release-linux-x86_64 1.3.2 9.69 80.48 90.17 OK
r-release-macos-x86_64 1.3.2 OK
r-release-windows-ix86+x86_64 1.3.2 13.00 100.00 113.00 OK
r-oldrel-macos-x86_64 1.3.2 OK
r-oldrel-windows-ix86+x86_64 1.3.2 12.00 100.00 112.00 OK

Check Details

Version: 1.3.2
Check: Rd cross-references
Result: NOTE
    Undeclared packages ‘Kendall’, ‘geoR’ in Rd xrefs
Flavor: r-devel-linux-x86_64-fedora-clang