Last updated on 2020-12-04 00:48:21 CET.
Flavor | Version | Tinstall | Tcheck | Ttotal | Status | Flags |
---|---|---|---|---|---|---|
r-devel-linux-x86_64-debian-clang | 0.5.3 | 6.16 | 46.24 | 52.40 | OK | |
r-devel-linux-x86_64-debian-gcc | 0.5.3 | 4.55 | 35.52 | 40.07 | OK | |
r-devel-linux-x86_64-fedora-clang | 0.5.3 | 66.16 | NOTE | |||
r-devel-linux-x86_64-fedora-gcc | 0.5.3 | 58.16 | OK | |||
r-devel-windows-ix86+x86_64 | 0.5.3 | 13.00 | 61.00 | 74.00 | NOTE | |
r-patched-linux-x86_64 | 0.5.3 | 5.79 | 44.40 | 50.19 | OK | |
r-patched-solaris-x86 | 0.5.3 | 83.50 | NOTE | |||
r-release-linux-x86_64 | 0.5.3 | 5.86 | 44.01 | 49.87 | OK | |
r-release-macos-x86_64 | 0.5.3 | NOTE | ||||
r-release-windows-ix86+x86_64 | 0.5.3 | 10.00 | 50.00 | 60.00 | NOTE | |
r-oldrel-macos-x86_64 | 0.5.3 | NOTE | ||||
r-oldrel-windows-ix86+x86_64 | 0.5.3 | 9.00 | 62.00 | 71.00 | NOTE |
Version: 0.5.3
Check: installed package size
Result: NOTE
installed size is 7.0Mb
sub-directories of 1Mb or more:
emoji_fonts 6.5Mb
Flavors: r-devel-linux-x86_64-fedora-clang, r-devel-windows-ix86+x86_64, r-patched-solaris-x86, r-release-macos-x86_64, r-release-windows-ix86+x86_64, r-oldrel-macos-x86_64, r-oldrel-windows-ix86+x86_64