CRAN Package Check Results for Package emld

Last updated on 2020-12-04 00:48:21 CET.

Flavor Version Tinstall Tcheck Ttotal Status Flags
r-devel-linux-x86_64-debian-clang 0.5.1 5.25 82.55 87.80 OK
r-devel-linux-x86_64-debian-gcc 0.5.1 3.87 60.11 63.98 OK
r-devel-linux-x86_64-fedora-clang 0.5.1 106.15 OK
r-devel-linux-x86_64-fedora-gcc 0.5.1 98.05 OK
r-devel-windows-ix86+x86_64 0.5.1 14.00 121.00 135.00 OK
r-patched-linux-x86_64 0.5.1 5.50 80.15 85.65 OK
r-patched-solaris-x86 0.5.1 151.60 NOTE
r-release-linux-x86_64 0.5.1 5.31 80.17 85.48 OK
r-release-macos-x86_64 0.5.1 OK
r-release-windows-ix86+x86_64 0.5.1 10.00 105.00 115.00 OK
r-oldrel-macos-x86_64 0.5.1 OK
r-oldrel-windows-ix86+x86_64 0.5.1 10.00 128.00 138.00 OK

Check Details

Version: 0.5.1
Check: installed package size
Result: NOTE
     installed size is 5.3Mb
     sub-directories of 1Mb or more:
     xsd 4.1Mb
Flavor: r-patched-solaris-x86