CRAN Package Check Results for Package emdist

Last updated on 2020-12-04 00:48:21 CET.

Flavor Version Tinstall Tcheck Ttotal Status Flags
r-devel-linux-x86_64-debian-clang 0.3-1 3.37 20.97 24.34 NOTE
r-devel-linux-x86_64-debian-gcc 0.3-1 2.41 17.15 19.56 NOTE
r-devel-linux-x86_64-fedora-clang 0.3-1 34.82 NOTE
r-devel-linux-x86_64-fedora-gcc 0.3-1 25.19 NOTE
r-devel-windows-ix86+x86_64 0.3-1 9.00 37.00 46.00 OK
r-patched-linux-x86_64 0.3-1 3.06 19.93 22.99 NOTE
r-patched-solaris-x86 0.3-1 38.20 NOTE
r-release-linux-x86_64 0.3-1 3.10 20.48 23.58 NOTE
r-release-macos-x86_64 0.3-1 NOTE
r-release-windows-ix86+x86_64 0.3-1 8.00 30.00 38.00 OK
r-oldrel-macos-x86_64 0.3-1 NOTE
r-oldrel-windows-ix86+x86_64 0.3-1 8.00 48.00 56.00 OK

Additional issues

rchk

Check Details

Version: 0.3-1
Check: DESCRIPTION meta-information
Result: NOTE
    License components which are templates and need '+ file LICENSE':
     MIT
Flavors: r-devel-linux-x86_64-debian-clang, r-devel-linux-x86_64-debian-gcc, r-devel-linux-x86_64-fedora-clang, r-devel-linux-x86_64-fedora-gcc, r-patched-linux-x86_64, r-patched-solaris-x86, r-release-linux-x86_64, r-release-macos-x86_64, r-oldrel-macos-x86_64

Version: 0.3-1
Check: compiled code
Result: NOTE
    File ‘emdist/libs/emdist.so’:
     Found no calls to: ‘R_registerRoutines’, ‘R_useDynamicSymbols’
    
    It is good practice to register native routines and to disable symbol
    search.
    
    See ‘Writing portable packages’ in the ‘Writing R Extensions’ manual.
Flavors: r-devel-linux-x86_64-fedora-clang, r-devel-linux-x86_64-fedora-gcc