CRAN Package Check Results for Package embryogrowth

Last updated on 2020-12-04 00:48:21 CET.

Flavor Version Tinstall Tcheck Ttotal Status Flags
r-devel-linux-x86_64-debian-clang 8.0 19.26 119.32 138.58 OK
r-devel-linux-x86_64-debian-gcc 8.0 16.65 89.63 106.28 OK
r-devel-linux-x86_64-fedora-clang 8.0 171.97 NOTE
r-devel-linux-x86_64-fedora-gcc 8.0 165.39 NOTE
r-devel-windows-ix86+x86_64 8.0 36.00 144.00 180.00 OK
r-patched-linux-x86_64 8.0 18.55 109.63 128.18 OK
r-patched-solaris-x86 8.0 205.30 NOTE
r-release-linux-x86_64 8.0 20.57 110.55 131.12 OK
r-release-macos-x86_64 8.0 NOTE
r-release-windows-ix86+x86_64 8.0 31.00 143.00 174.00 OK
r-oldrel-macos-x86_64 8.0 ERROR
r-oldrel-windows-ix86+x86_64 7.6 34.00 130.00 164.00 OK

Check Details

Version: 8.0
Check: data for non-ASCII characters
Result: NOTE
     Note: found 38 marked UTF-8 strings
Flavors: r-devel-linux-x86_64-fedora-clang, r-devel-linux-x86_64-fedora-gcc, r-patched-solaris-x86, r-release-macos-x86_64

Version: 8.0
Check: whether package can be installed
Result: ERROR
    Installation failed.
Flavor: r-oldrel-macos-x86_64