CRAN Package Check Results for Package eggCounts

Last updated on 2020-12-04 00:48:20 CET.

Flavor Version Tinstall Tcheck Ttotal Status Flags
r-devel-linux-x86_64-debian-clang 2.3 852.52 142.73 995.25 NOTE
r-devel-linux-x86_64-debian-gcc 2.3 713.42 140.93 854.35 NOTE
r-devel-linux-x86_64-fedora-clang 2.3 1384.71 NOTE
r-devel-linux-x86_64-fedora-gcc 2.3 1500.93 NOTE
r-devel-windows-ix86+x86_64 2.3 1898.00 338.00 2236.00 NOTE
r-patched-linux-x86_64 2.3 643.94 180.43 824.37 NOTE
r-patched-solaris-x86 2.3 1315.30 NOTE
r-release-linux-x86_64 2.3 625.75 178.45 804.20 NOTE
r-release-macos-x86_64 2.3 NOTE
r-release-windows-ix86+x86_64 2.3 1392.00 280.00 1672.00 NOTE
r-oldrel-macos-x86_64 2.3 NOTE
r-oldrel-windows-ix86+x86_64 2.3 1551.00 295.00 1846.00 NOTE

Check Details

Version: 2.3
Check: package dependencies
Result: NOTE
    Package suggested but not available for checking: 'eggCountsExtra'
Flavors: r-devel-linux-x86_64-debian-clang, r-devel-linux-x86_64-debian-gcc, r-devel-linux-x86_64-fedora-clang, r-devel-linux-x86_64-fedora-gcc, r-devel-windows-ix86+x86_64, r-patched-linux-x86_64, r-patched-solaris-x86, r-release-linux-x86_64, r-release-macos-x86_64, r-release-windows-ix86+x86_64, r-oldrel-macos-x86_64, r-oldrel-windows-ix86+x86_64

Version: 2.3
Check: for GNU extensions in Makefiles
Result: NOTE
    GNU make is a SystemRequirements.
Flavors: r-devel-linux-x86_64-debian-clang, r-devel-linux-x86_64-debian-gcc, r-devel-linux-x86_64-fedora-clang, r-devel-linux-x86_64-fedora-gcc, r-devel-windows-ix86+x86_64, r-patched-linux-x86_64, r-patched-solaris-x86, r-release-linux-x86_64, r-release-macos-x86_64, r-release-windows-ix86+x86_64, r-oldrel-macos-x86_64, r-oldrel-windows-ix86+x86_64

Version: 2.3
Check: installed package size
Result: NOTE
     installed size is 121.8Mb
     sub-directories of 1Mb or more:
     libs 121.0Mb
Flavors: r-devel-linux-x86_64-fedora-clang, r-devel-windows-ix86+x86_64, r-patched-solaris-x86, r-release-macos-x86_64, r-release-windows-ix86+x86_64, r-oldrel-macos-x86_64, r-oldrel-windows-ix86+x86_64