CRAN Package Check Results for Package ef

Last updated on 2020-12-04 00:48:20 CET.

Flavor Version Tinstall Tcheck Ttotal Status Flags
r-devel-linux-x86_64-debian-clang 1.2.0 75.53 79.82 155.35 OK
r-devel-linux-x86_64-debian-gcc 1.2.0 58.52 63.31 121.83 OK
r-devel-linux-x86_64-fedora-clang 1.2.0 210.53 NOTE
r-devel-linux-x86_64-fedora-gcc 1.2.0 192.84 OK
r-devel-windows-ix86+x86_64 1.2.0 139.00 142.00 281.00 NOTE
r-patched-linux-x86_64 1.2.0 65.30 73.71 139.01 OK
r-patched-solaris-x86 1.2.0 185.60 OK
r-release-linux-x86_64 1.2.0 64.03 73.36 137.39 OK
r-release-macos-x86_64 1.2.0 NOTE
r-release-windows-ix86+x86_64 1.2.0 106.00 116.00 222.00 NOTE
r-oldrel-macos-x86_64 1.2.0 NOTE
r-oldrel-windows-ix86+x86_64 1.2.0 109.00 132.00 241.00 NOTE

Check Details

Version: 1.2.0
Check: installed package size
Result: NOTE
     installed size is 15.3Mb
     sub-directories of 1Mb or more:
     libs 15.2Mb
Flavors: r-devel-linux-x86_64-fedora-clang, r-devel-windows-ix86+x86_64, r-release-macos-x86_64, r-release-windows-ix86+x86_64, r-oldrel-macos-x86_64, r-oldrel-windows-ix86+x86_64