Last updated on 2020-12-04 00:48:20 CET.
Flavor | Version | Tinstall | Tcheck | Ttotal | Status | Flags |
---|---|---|---|---|---|---|
r-devel-linux-x86_64-debian-clang | 2.2 | 7.37 | 52.90 | 60.27 | OK | |
r-devel-linux-x86_64-debian-gcc | 2.2 | 5.93 | 43.13 | 49.06 | OK | |
r-devel-linux-x86_64-fedora-clang | 2.2 | 76.67 | OK | |||
r-devel-linux-x86_64-fedora-gcc | 2.2 | 66.01 | OK | |||
r-devel-windows-ix86+x86_64 | 2.2 | 16.00 | 91.00 | 107.00 | OK | |
r-patched-linux-x86_64 | 2.2 | 6.65 | 49.30 | 55.95 | OK | |
r-patched-solaris-x86 | 2.2 | 94.80 | OK | |||
r-release-linux-x86_64 | 2.2 | 7.41 | 49.52 | 56.93 | OK | |
r-release-macos-x86_64 | 2.2 | OK | ||||
r-release-windows-ix86+x86_64 | 2.2 | 13.00 | 94.00 | 107.00 | OK | |
r-oldrel-macos-x86_64 | 2.2 | WARN | ||||
r-oldrel-windows-ix86+x86_64 | 2.2 | 11.00 | 87.00 | 98.00 | OK |
Version: 2.2
Check: whether package can be installed
Result: WARN
Found the following significant warnings:
Warning: 'rgl_init' failed, running with rgl.useNULL = TRUE
Flavor: r-oldrel-macos-x86_64