CRAN Package Check Results for Package eda4treeR

Last updated on 2020-12-04 00:48:20 CET.

Flavor Version Tinstall Tcheck Ttotal Status Flags
r-devel-linux-x86_64-debian-clang 0.3.0 14.90 134.54 149.44 OK
r-devel-linux-x86_64-debian-gcc 0.3.0 13.43 100.43 113.86 OK
r-devel-linux-x86_64-fedora-clang 0.3.0 183.37 NOTE
r-devel-linux-x86_64-fedora-gcc 0.3.0 171.49 NOTE
r-devel-windows-ix86+x86_64 0.3.0 36.00 158.00 194.00 OK
r-patched-linux-x86_64 0.3.0 15.67 126.14 141.81 OK
r-patched-solaris-x86 0.3.0 265.10 NOTE
r-release-linux-x86_64 0.3.0 15.49 125.60 141.09 OK
r-release-macos-x86_64 0.3.0 NOTE
r-release-windows-ix86+x86_64 0.3.0 27.00 127.00 154.00 OK
r-oldrel-macos-x86_64 0.3.0 NOTE
r-oldrel-windows-ix86+x86_64 0.3.0 30.00 154.00 184.00 OK

Check Details

Version: 0.3.0
Check: dependencies in R code
Result: NOTE
    Namespaces in Imports field not imported from:
     ‘dae’ ‘dplyr’
     All declared Imports should be used.
Flavors: r-devel-linux-x86_64-fedora-clang, r-devel-linux-x86_64-fedora-gcc, r-patched-solaris-x86, r-release-macos-x86_64, r-oldrel-macos-x86_64