CRAN Package Check Results for Package ectotemp

Last updated on 2020-12-04 00:48:20 CET.

Flavor Version Tinstall Tcheck Ttotal Status Flags
r-devel-linux-x86_64-debian-clang 0.2.0 2.60 26.71 29.31 OK
r-devel-linux-x86_64-debian-gcc 0.2.0 2.57 23.98 26.55 OK
r-devel-linux-x86_64-fedora-clang 0.2.0 41.33 OK
r-devel-linux-x86_64-fedora-gcc 0.2.0 31.61 OK
r-devel-windows-ix86+x86_64 0.2.0 5.00 41.00 46.00 OK
r-patched-linux-x86_64 0.2.0 2.69 28.01 30.70 OK
r-patched-solaris-x86 0.2.0 49.50 OK
r-release-linux-x86_64 0.2.0 2.75 26.14 28.89 OK
r-release-macos-x86_64 0.2.0 OK
r-release-windows-ix86+x86_64 0.2.0 4.00 41.00 45.00 OK
r-oldrel-macos-x86_64 0.2.0 ERROR
r-oldrel-windows-ix86+x86_64 0.1.2 6.00 47.00 53.00 OK

Check Details

Version: 0.2.0
Check: whether package can be installed
Result: ERROR
    Installation failed.
Flavor: r-oldrel-macos-x86_64