CRAN Package Check Results for Package ecospace

Last updated on 2020-12-04 00:48:20 CET.

Flavor Version Tinstall Tcheck Ttotal Status Flags
r-devel-linux-x86_64-debian-clang 1.4.2 10.04 147.93 157.97 OK
r-devel-linux-x86_64-debian-gcc 1.4.2 7.66 108.75 116.41 OK
r-devel-linux-x86_64-fedora-clang 1.4.2 195.84 OK
r-devel-linux-x86_64-fedora-gcc 1.4.2 199.01 OK
r-devel-windows-ix86+x86_64 1.4.2 21.00 172.00 193.00 OK
r-patched-linux-x86_64 1.4.2 8.91 139.74 148.65 OK
r-patched-solaris-x86 1.4.2 238.80 OK
r-release-linux-x86_64 1.4.2 8.79 136.56 145.35 OK
r-release-macos-x86_64 1.4.2 OK
r-release-windows-ix86+x86_64 1.4.2 15.00 132.00 147.00 OK
r-oldrel-macos-x86_64 1.4.2 ERROR
r-oldrel-windows-ix86+x86_64 1.3.1 16.00 201.00 217.00 OK

Check Details

Version: 1.4.2
Check: whether package can be installed
Result: ERROR
    Installation failed.
Flavor: r-oldrel-macos-x86_64