CRAN Package Check Results for Package econetwork

Last updated on 2020-12-04 00:48:20 CET.

Flavor Version Tinstall Tcheck Ttotal Status Flags
r-devel-linux-x86_64-debian-clang 0.4.1 12.94 107.78 120.72 OK
r-devel-linux-x86_64-debian-gcc 0.4.1 11.35 81.14 92.49 OK
r-devel-linux-x86_64-fedora-clang 0.4.1 158.28 NOTE
r-devel-linux-x86_64-fedora-gcc 0.4.1 139.63 OK
r-devel-windows-ix86+x86_64 0.4.1 30.00 125.00 155.00 OK
r-patched-linux-x86_64 0.4.1 11.66 101.09 112.75 OK
r-patched-solaris-x86 0.4.1 208.00 OK
r-release-linux-x86_64 0.4.1 12.05 98.94 110.99 OK
r-release-macos-x86_64 0.4.1 OK
r-release-windows-ix86+x86_64 0.4.1 22.00 101.00 123.00 OK
r-oldrel-macos-x86_64 0.4.1 OK
r-oldrel-windows-ix86+x86_64 0.4.1 22.00 118.00 140.00 OK

Check Details

Version: 0.4.1
Check: Rd cross-references
Result: NOTE
    Undeclared package ‘vegan’ in Rd xrefs
Flavor: r-devel-linux-x86_64-fedora-clang