Last updated on 2020-12-04 00:48:20 CET.
Flavor | Version | Tinstall | Tcheck | Ttotal | Status | Flags |
---|---|---|---|---|---|---|
r-devel-linux-x86_64-debian-clang | 1.2.5 | 6.78 | 30.58 | 37.36 | OK | |
r-devel-linux-x86_64-debian-gcc | 1.2.5 | 5.94 | 24.39 | 30.33 | OK | |
r-devel-linux-x86_64-fedora-clang | 1.2.5 | 52.51 | NOTE | |||
r-devel-linux-x86_64-fedora-gcc | 1.2.5 | 41.03 | NOTE | |||
r-devel-windows-ix86+x86_64 | 1.2.5 | 15.00 | 54.00 | 69.00 | OK | |
r-patched-linux-x86_64 | 1.2.5 | 7.02 | 28.38 | 35.40 | OK | |
r-patched-solaris-x86 | 1.2.5 | 65.40 | OK | |||
r-release-linux-x86_64 | 1.2.5 | 6.04 | 28.40 | 34.44 | OK | |
r-release-macos-x86_64 | 1.2.5 | OK | ||||
r-release-windows-ix86+x86_64 | 1.2.5 | 10.00 | 54.00 | 64.00 | OK | |
r-oldrel-macos-x86_64 | 1.2.5 | OK | ||||
r-oldrel-windows-ix86+x86_64 | 1.2.5 | 11.00 | 52.00 | 63.00 | OK |
Version: 1.2.5
Check: compiled code
Result: NOTE
File ‘ebdbNet/libs/ebdbNet.so’:
Found no calls to: ‘R_registerRoutines’, ‘R_useDynamicSymbols’
It is good practice to register native routines and to disable symbol
search.
See ‘Writing portable packages’ in the ‘Writing R Extensions’ manual.
Flavors: r-devel-linux-x86_64-fedora-clang, r-devel-linux-x86_64-fedora-gcc